t**2 + 18*t + 93. Let c be h(-21). Calculate the greatest common factor of c and j.
26
Let a(k) = -k**3 + 12*k**2 + 17*k - 26. Let b be a(13). Calculate the greatest common factor of 13 and b.
13
Let h = -104 - -34. Let p = h - -246. What is the highest common divisor of 22 and p?
22
Suppose 4*l = -2*l - 12. Let u be ((-48)/(-9))/l*-108. Let c be (-16)/((28/8)/(-7)). Calculate the highest common factor of u and c.
32
Suppose 10*p - 5*p = -2*g + 379, 3*p = 3*g + 219. Calculate the highest common divisor of p and 100.
25
Suppose -472 = -22*d + 694. Calculate the highest common factor of d and 1219.
53
Let y = 9 - -11. Let g = -17 + y. Suppose -b + 2*o = -5, 3*o + 0 = g. What is the highest common divisor of 1 and b?
1
Suppose -35 = -2*t - 1. Let y = -5 + t. Suppose -3*d + 120 = 5*f - 7*d, 0 = 2*f - 4*d - 48. What is the highest common factor of f and y?
12
Let q be 11/55 - (-3214)/5. Suppose -5*h - 148 = -q. What is the greatest common factor of h and 11?
11
Let q(k) = 60*k - 1. Let m be q(6). Let o be 4/12 - m/(-3). Suppose v = 4*v - 90. Calculate the highest common factor of v and o.
30
Let m(r) = 3*r**2 - 9*r - 6. Let z(k) = k**3 + 5*k**2 - 18*k - 12. Let j(y) = 5*m(y) - 3*z(y). Let i be j(-3). What is the greatest common factor of 24 and i?
12
Let b = 345 - 333. What is the highest common divisor of b and 60?
12
Suppose r + 1 = -1. Let u = r - -2. Suppose 4*x + 79 - 359 = u. What is the greatest common divisor of 10 and x?
10
Let a = 72 - 78. Let t be ((-2)/3)/(a/18). Calculate the greatest common divisor of 14 and t.
2
Suppose -5*w - 5*w + 120 = 0. Suppose 0 = 41*y - 38*y - w. Calculate the greatest common factor of y and 100.
4
Let h(d) be the first derivative of 2*d**3/3 + 13*d**2/2 + 27*d + 11. Let z be h(-6). Calculate the highest common divisor of z and 14.
7
Let k = 55 - 7. Let z be 1/((-3)/(-2))*k. Calculate the highest common divisor of 8 and z.
8
Let h be (-6 + 3 - -10) + 3. Let u = -4 + 6. Calculate the highest common factor of u and h.
2
Suppose -1946*f = -1943*f - 132. What is the highest common factor of 33 and f?
11
Let h = 32 + -181. Let j be h/(-3) + 2/6. Suppose 0 = 4*g - 50*t + 48*t - 38, t = -3*g + 31. Calculate the greatest common factor of j and g.
10
Suppose 0 = 5*u - 4*u, 42 = -f + 5*u. Let d = f + 43. What is the highest common factor of d and 17?
1
Let v = -22 + 36. Suppose 5*n = -y + 32, 2*n - 5*n = -2*y - v. Let q be (-88)/(-14) + 2/(-7). What is the greatest common divisor of q and n?
6
Suppose 0 = 2*i + 6*i - 8. Let b be ((-34)/6)/(i/(-3)). Calculate the greatest common factor of b and 85.
17
Let y be 5160/36 + -15 + (-10)/(-6). Calculate the greatest common divisor of y and 30.
10
Let h = 0 - -2. Let y be 3 + 3 - (-8)/h. Suppose 0*i - i + 3*n = -55, y = -5*n. Calculate the greatest common divisor of i and 7.
7
Let t(u) = 61*u - 49. Let r be t(1). Let y = 11 + 4. Let f be y/(-2)*(-4)/5. Calculate the highest common factor of f and r.
6
Suppose 4*o - 259 = -3*z, -z - 2*z + 235 = -2*o. Suppose -s = 2*s - z. What is the greatest common divisor of 9 and s?
9
Suppose 6*f - 78 = -7*f. Calculate the highest common divisor of 38 and f.
2
Let z be (2/(-5))/(((-72)/1120)/9). What is the highest common divisor of 112 and z?
56
Suppose -2*b - 59 = -739. What is the highest common factor of 85 and b?
85
Let u = -61 - -57. Let b(p) = -4*p**3 - 9*p**2 - 2*p + 6. Let l be b(u). What is the highest common factor of l and 14?
14
Let y = 587 + -378. Let f be (y/2)/((-12)/(-8) + -1). Calculate the greatest common factor of f and 19.
19
Let k(g) = 2*g**3 + 2*g + 5. Let z be k(3). Suppose -4*m = -267 + 59. Suppose 0*h = -4*h + m. Calculate the highest common divisor of z and h.
13
Let o = 348 - 8. Calculate the highest common divisor of o and 40.
20
Let u(r) = -2*r**3 + 3*r + 1. Suppose 4*x = -5*h + 9, h + 2 = 4*x - 1. Let y be (1 - 3) + 0/x. Let l be u(y). What is the highest common factor of 99 and l?
11
Let c(l) = l + 40. Let v be c(17). Calculate the highest common factor of 19 and v.
19
Suppose 5975 = 9*b + 5813. What is the highest common divisor of 882 and b?
18
Suppose -4*u + u - 15 = 0, -q = -5*u - 28. Suppose -4*j - 3*b = -q*j - 203, 3*b = 5*j - 1051. Calculate the greatest common divisor of j and 19.
19
Suppose 0 = -17*y + 6*y + 132. Suppose -y*w + 2080 = -4*w. Calculate the greatest common factor of 26 and w.
26
Let p(h) be the first derivative of 1/2*h**2 + 4*h - 6. Let g be p(-3). What is the highest common factor of 7 and g?
1
Suppose 66 = 21*i + i. Calculate the highest common factor of i and 31.
1
Let w be 17 + 8/(14 + -6). Calculate the highest common divisor of 522 and w.
18
Suppose 5*s - 67 = 2*x, s = x + 15 - 4. Let z = -11 + s. Calculate the greatest common divisor of z and 36.
4
Suppose -745 = -5*s - 5*o, o - 9 = 4*o. Let h be (-35)/(-2) - 3/(-2). What is the greatest common factor of h and s?
19
Let g = -25 - -23. Let z be (-137)/g - 21/(-14). Calculate the greatest common factor of z and 10.
10
Let n(j) = 17*j**3 - j**2 + 2*j. Let v be n(2). Let x(c) = -c**3 + 5*c**2 + 2*c - 7. Let w be x(4). Calculate the highest common divisor of w and v.
17
Suppose 53 = -c + 161. Let i = -528 - -564. Calculate the greatest common divisor of i and c.
36
Let v(h) = -7*h - 17. Let j be v(-6). Calculate the highest common divisor of 10 and j.
5
Let z(u) = u**3 + 7*u**2 - 8*u + 6. Let k be z(-8). Suppose 2*f = -5*g + 24, g + f + k = 3*g. Calculate the greatest common factor of g and 36.
4
Suppose 95 = 2*g - 5*c + 7, -g - 4*c = -18. Calculate the greatest common divisor of 34 and g.
34
Let o(h) = -h**3 + 5*h**2 + 12*h + 4. Let a be o(6). Let s = 44 - a. Let w = 15 + -9. What is the highest common factor of w and s?
2
Let l(k) = 14*k - 36. Let d be l(9). What is the highest common divisor of 18 and d?
18
Let g = 22 - 19. Suppose 8 = -5*v - 2, g*v = -2*u + 12. Calculate the greatest common factor of 9 and u.
9
Let r be 987/(-9) + (-1)/3. Let n be 3*r/(-15) + -2. Calculate the highest common factor of n and 50.
10
Let o be (-16)/(-8)*(-6)/(-4). Suppose -h - o*h = -96. What is the highest common divisor of h and 3?
3
Suppose 10 = 4*g - 5*g. Let l(a) = -a**2 - 25*a - 15. Let f be l(-25). Let x = g - f. What is the greatest common factor of x and 25?
5
Let q(u) = -u + 17. Let n be q(14). Let w be (-57)/n*-1 + 1. Calculate the greatest common factor of 4 and w.
4
Suppose 42 = 5*g - 4*h, 0*h - 2 = -h. Let d be g/45 - (-83)/(-9). Let o be (-4)/(-18) - 70/d. What is the greatest common factor of o and 88?
8
Let o = -8 - -13. Let m(v) = -2*v**2 - 5*v + 35. Let g be m(0). What is the greatest common factor of o and g?
5
Suppose -3*s - 71 = 2*p - 184, 0 = -3*s + 2*p + 109. Suppose 3*l - s = 89. What is the highest common divisor of l and 105?
21
Let y(h) = 34*h - 444. Let j be y(16). What is the highest common factor of 160 and j?
20
Suppose -2*q + 7 = -q. Let u be q*2/(-4)*-6. Let n(p) = 46*p - 170. Let d be n(4). Calculate the highest common divisor of u and d.
7
Suppose 0 = y + 3*m - 27, -7*m - 34 = -y - 3*m. Suppose 15 + 27 = 5*d - 2*g, 5*g = -d + y. What is the highest common divisor of d and 15?
5
Let y be 2 - -101 - (7 - 4). Let d(u) = -u**3 + 3*u**2 + 5*u - 5. Let w be d(4). Let q be (y - (-2 + 2)) + w. Calculate the highest common factor of 9 and q.
9
Let p = 29 + -27. Suppose -d = -p*d + 27. Calculate the greatest common divisor of d and 297.
27
Let x be 1 + -1*(-2 - -1)*17. Calculate the highest common factor of x and 36.
18
Let u(b) = 97*b + 633. Let n be u(-6). Calculate the greatest common divisor of n and 221.
17
Let l be (19/(-2))/(11/924*-6). Calculate the highest common divisor of 57 and l.
19
Suppose 2*b - b = 104. Let m = -208 + b. Let w = 232 + m. What is the highest common factor of w and 16?
16
Suppose -6*c + 22 = 3*s - c, -5*c = 2*s - 8. Suppose -38 = -4*u + 5*a + 7, -u + 4*a + s = 0. What is the greatest common divisor of u and 110?
10
Let k = 3 + -3. Suppose k = -r - r + 28. Suppose 0*d + 1120 = 10*d. Calculate the greatest common factor of r and d.
14
Suppose 235 = 3*j + 19. Suppose 2*w + 10 - 22 = -d, d = -4. What is the highest common divisor of w and j?
8
Suppose -3*d - 10 = -d. Let b(r) = -17*r - 7. Let f be b(d). What is the greatest common factor of f and 52?
26
Let l(v) = 16*v - 11. Let m be l(-4). Let 